{"id":163,"date":"2024-12-02T21:07:08","date_gmt":"2024-12-02T20:07:08","guid":{"rendered":"http:\/\/hundegarderobe.dyndns.org\/?page_id=163"},"modified":"2024-12-08T10:17:43","modified_gmt":"2024-12-08T09:17:43","slug":"schritt-fuer-schritt","status":"publish","type":"page","link":"https:\/\/hundegarderobe.hobby-site.com\/index.php\/schritt-fuer-schritt\/","title":{"rendered":"Schritt f\u00fcr Schritt"},"content":{"rendered":"\n<p>Hundegarderobe f\u00fcr unseren k\u00fcnftigen Berner Sennenhund<\/p>\n\n\n\n<figure class=\"wp-block-gallery has-nested-images columns-2 is-cropped wp-block-gallery-1 is-layout-flex wp-block-gallery-is-layout-flex\">\n<figure class=\"wp-block-image size-large\"><img loading=\"lazy\" decoding=\"async\" width=\"1024\" height=\"576\" data-id=\"203\" src=\"https:\/\/hundegarderobe.hobby-site.com\/wp-content\/uploads\/2024\/12\/Schritt1-2024-Ryuk-1024x576.jpg\" alt=\"\" class=\"wp-image-203\" srcset=\"https:\/\/hundegarderobe.hobby-site.com\/wp-content\/uploads\/2024\/12\/Schritt1-2024-Ryuk-1024x576.jpg 1024w, https:\/\/hundegarderobe.hobby-site.com\/wp-content\/uploads\/2024\/12\/Schritt1-2024-Ryuk-300x169.jpg 300w, https:\/\/hundegarderobe.hobby-site.com\/wp-content\/uploads\/2024\/12\/Schritt1-2024-Ryuk-768x432.jpg 768w, https:\/\/hundegarderobe.hobby-site.com\/wp-content\/uploads\/2024\/12\/Schritt1-2024-Ryuk-1536x864.jpg 1536w, https:\/\/hundegarderobe.hobby-site.com\/wp-content\/uploads\/2024\/12\/Schritt1-2024-Ryuk.jpg 1920w\" sizes=\"auto, (max-width: 1024px) 100vw, 1024px\" \/><\/figure>\n\n\n\n<figure class=\"wp-block-image size-large\"><img loading=\"lazy\" decoding=\"async\" width=\"1024\" height=\"576\" data-id=\"204\" src=\"https:\/\/hundegarderobe.hobby-site.com\/wp-content\/uploads\/2024\/12\/Schritt2-2024-Ryuk-1024x576.jpg\" alt=\"\" class=\"wp-image-204\" srcset=\"https:\/\/hundegarderobe.hobby-site.com\/wp-content\/uploads\/2024\/12\/Schritt2-2024-Ryuk-1024x576.jpg 1024w, https:\/\/hundegarderobe.hobby-site.com\/wp-content\/uploads\/2024\/12\/Schritt2-2024-Ryuk-300x169.jpg 300w, https:\/\/hundegarderobe.hobby-site.com\/wp-content\/uploads\/2024\/12\/Schritt2-2024-Ryuk-768x432.jpg 768w, https:\/\/hundegarderobe.hobby-site.com\/wp-content\/uploads\/2024\/12\/Schritt2-2024-Ryuk-1536x864.jpg 1536w, https:\/\/hundegarderobe.hobby-site.com\/wp-content\/uploads\/2024\/12\/Schritt2-2024-Ryuk.jpg 1920w\" sizes=\"auto, (max-width: 1024px) 100vw, 1024px\" \/><\/figure>\n\n\n\n<figure class=\"wp-block-image size-large\"><img loading=\"lazy\" decoding=\"async\" width=\"1024\" height=\"576\" data-id=\"205\" src=\"https:\/\/hundegarderobe.hobby-site.com\/wp-content\/uploads\/2024\/12\/Schritt3-2024-Ryuk-1024x576.jpg\" alt=\"\" class=\"wp-image-205\" srcset=\"https:\/\/hundegarderobe.hobby-site.com\/wp-content\/uploads\/2024\/12\/Schritt3-2024-Ryuk-1024x576.jpg 1024w, https:\/\/hundegarderobe.hobby-site.com\/wp-content\/uploads\/2024\/12\/Schritt3-2024-Ryuk-300x169.jpg 300w, https:\/\/hundegarderobe.hobby-site.com\/wp-content\/uploads\/2024\/12\/Schritt3-2024-Ryuk-768x432.jpg 768w, https:\/\/hundegarderobe.hobby-site.com\/wp-content\/uploads\/2024\/12\/Schritt3-2024-Ryuk-1536x864.jpg 1536w, https:\/\/hundegarderobe.hobby-site.com\/wp-content\/uploads\/2024\/12\/Schritt3-2024-Ryuk.jpg 1920w\" sizes=\"auto, (max-width: 1024px) 100vw, 1024px\" \/><\/figure>\n\n\n\n<figure class=\"wp-block-image size-large\"><img loading=\"lazy\" decoding=\"async\" width=\"1024\" height=\"576\" data-id=\"206\" src=\"https:\/\/hundegarderobe.hobby-site.com\/wp-content\/uploads\/2024\/12\/Schritt4-2024-Ryuk-1024x576.jpg\" alt=\"\" class=\"wp-image-206\" srcset=\"https:\/\/hundegarderobe.hobby-site.com\/wp-content\/uploads\/2024\/12\/Schritt4-2024-Ryuk-1024x576.jpg 1024w, https:\/\/hundegarderobe.hobby-site.com\/wp-content\/uploads\/2024\/12\/Schritt4-2024-Ryuk-300x169.jpg 300w, https:\/\/hundegarderobe.hobby-site.com\/wp-content\/uploads\/2024\/12\/Schritt4-2024-Ryuk-768x432.jpg 768w, https:\/\/hundegarderobe.hobby-site.com\/wp-content\/uploads\/2024\/12\/Schritt4-2024-Ryuk-1536x864.jpg 1536w, https:\/\/hundegarderobe.hobby-site.com\/wp-content\/uploads\/2024\/12\/Schritt4-2024-Ryuk.jpg 1920w\" sizes=\"auto, (max-width: 1024px) 100vw, 1024px\" \/><\/figure>\n\n\n\n<figure class=\"wp-block-image size-large\"><img loading=\"lazy\" decoding=\"async\" width=\"1024\" height=\"576\" data-id=\"207\" src=\"https:\/\/hundegarderobe.hobby-site.com\/wp-content\/uploads\/2024\/12\/Schritt5-2024-Ryuk-1024x576.jpg\" alt=\"\" class=\"wp-image-207\" srcset=\"https:\/\/hundegarderobe.hobby-site.com\/wp-content\/uploads\/2024\/12\/Schritt5-2024-Ryuk-1024x576.jpg 1024w, https:\/\/hundegarderobe.hobby-site.com\/wp-content\/uploads\/2024\/12\/Schritt5-2024-Ryuk-300x169.jpg 300w, https:\/\/hundegarderobe.hobby-site.com\/wp-content\/uploads\/2024\/12\/Schritt5-2024-Ryuk-768x432.jpg 768w, https:\/\/hundegarderobe.hobby-site.com\/wp-content\/uploads\/2024\/12\/Schritt5-2024-Ryuk-1536x864.jpg 1536w, https:\/\/hundegarderobe.hobby-site.com\/wp-content\/uploads\/2024\/12\/Schritt5-2024-Ryuk.jpg 1920w\" sizes=\"auto, (max-width: 1024px) 100vw, 1024px\" \/><\/figure>\n\n\n\n<figure class=\"wp-block-image size-large\"><img loading=\"lazy\" decoding=\"async\" width=\"1024\" height=\"495\" data-id=\"208\" src=\"https:\/\/hundegarderobe.hobby-site.com\/wp-content\/uploads\/2024\/12\/Schritt6-2024-Ryuk-1024x495.jpg\" alt=\"\" class=\"wp-image-208\" srcset=\"https:\/\/hundegarderobe.hobby-site.com\/wp-content\/uploads\/2024\/12\/Schritt6-2024-Ryuk-1024x495.jpg 1024w, https:\/\/hundegarderobe.hobby-site.com\/wp-content\/uploads\/2024\/12\/Schritt6-2024-Ryuk-300x145.jpg 300w, https:\/\/hundegarderobe.hobby-site.com\/wp-content\/uploads\/2024\/12\/Schritt6-2024-Ryuk-768x371.jpg 768w, https:\/\/hundegarderobe.hobby-site.com\/wp-content\/uploads\/2024\/12\/Schritt6-2024-Ryuk-1536x742.jpg 1536w, https:\/\/hundegarderobe.hobby-site.com\/wp-content\/uploads\/2024\/12\/Schritt6-2024-Ryuk.jpg 1914w\" sizes=\"auto, (max-width: 1024px) 100vw, 1024px\" \/><\/figure>\n\n\n\n<figure class=\"wp-block-image size-large\"><img loading=\"lazy\" decoding=\"async\" width=\"1024\" height=\"623\" data-id=\"209\" src=\"https:\/\/hundegarderobe.hobby-site.com\/wp-content\/uploads\/2024\/12\/Schritt7-2024-Ryuk-1024x623.jpg\" alt=\"\" class=\"wp-image-209\" srcset=\"https:\/\/hundegarderobe.hobby-site.com\/wp-content\/uploads\/2024\/12\/Schritt7-2024-Ryuk-1024x623.jpg 1024w, https:\/\/hundegarderobe.hobby-site.com\/wp-content\/uploads\/2024\/12\/Schritt7-2024-Ryuk-300x183.jpg 300w, https:\/\/hundegarderobe.hobby-site.com\/wp-content\/uploads\/2024\/12\/Schritt7-2024-Ryuk-768x467.jpg 768w, https:\/\/hundegarderobe.hobby-site.com\/wp-content\/uploads\/2024\/12\/Schritt7-2024-Ryuk.jpg 1400w\" sizes=\"auto, (max-width: 1024px) 100vw, 1024px\" \/><\/figure>\n<\/figure>\n\n\n\n<p>Schritt f\u00fcr Schritt zur Entstehung der Hundegarderobe f\u00fcr Ryuk<\/p>\n","protected":false},"excerpt":{"rendered":"<p>Hundegarderobe f\u00fcr unseren k\u00fcnftigen Berner Sennenhund Schritt f\u00fcr Schritt zur Entstehung der Hundegarderobe f\u00fcr Ryuk<\/p>\n","protected":false},"author":1,"featured_media":0,"parent":0,"menu_order":0,"comment_status":"closed","ping_status":"closed","template":"","meta":{"footnotes":""},"class_list":["post-163","page","type-page","status-publish","hentry"],"_links":{"self":[{"href":"https:\/\/hundegarderobe.hobby-site.com\/index.php\/wp-json\/wp\/v2\/pages\/163","targetHints":{"allow":["GET"]}}],"collection":[{"href":"https:\/\/hundegarderobe.hobby-site.com\/index.php\/wp-json\/wp\/v2\/pages"}],"about":[{"href":"https:\/\/hundegarderobe.hobby-site.com\/index.php\/wp-json\/wp\/v2\/types\/page"}],"author":[{"embeddable":true,"href":"https:\/\/hundegarderobe.hobby-site.com\/index.php\/wp-json\/wp\/v2\/users\/1"}],"replies":[{"embeddable":true,"href":"https:\/\/hundegarderobe.hobby-site.com\/index.php\/wp-json\/wp\/v2\/comments?post=163"}],"version-history":[{"count":6,"href":"https:\/\/hundegarderobe.hobby-site.com\/index.php\/wp-json\/wp\/v2\/pages\/163\/revisions"}],"predecessor-version":[{"id":210,"href":"https:\/\/hundegarderobe.hobby-site.com\/index.php\/wp-json\/wp\/v2\/pages\/163\/revisions\/210"}],"wp:attachment":[{"href":"https:\/\/hundegarderobe.hobby-site.com\/index.php\/wp-json\/wp\/v2\/media?parent=163"}],"curies":[{"name":"wp","href":"https:\/\/api.w.org\/{rel}","templated":true}]}}